210 (base 3) to base 9
253
10011 (base 2) to base 12
17
-1 (base 8) to base 5
-1
What is 32 (base 11) in base 14?
27
-23 (base 6) to base 12
-13
Convert 10110000 (base 2) to base 4.
2300
What is 4 (base 15) in base 16?
4
1 (base 9) to base 13
1
101 (base 2) to base 12
5
What is 5 (base 11) in base 8?
5
-1 (base 16) to base 4
-1
-2 (base 11) to base 16
-2
Convert -11010000 (base 2) to base 8.
-320
Convert 3 (base 13) to base 4.
3
What is -10 (base 13) in base 4?
-31
What is -1123 (base 4) in base 16?
-5b
11 (base 2) to base 4
3
-4 (base 13) to base 11
-4
-20201 (base 3) to base 10
-181
Convert -2 (base 3) to base 13.
-2
Convert -1 (base 5) to base 3.
-1
320 (base 4) to base 13
44
Convert 123 (base 4) to base 2.
11011
Convert -b (base 16) to base 13.
-b
-111 (base 3) to base 5
-23
Convert 114 (base 5) to base 8.
42
-411 (base 5) to base 13
-82
Convert 7a (base 11) to base 8.
127
What is 1003 (base 4) in base 8?
103
Convert 1c (base 15) to base 5.
102
-1010 (base 3) to base 5
-110
What is -b (base 15) in base 3?
-102
-4 (base 14) to base 13
-4
Convert -42 (base 5) to base 13.
-19
What is -22102 (base 3) in base 12?
-16b
What is 11 (base 4) in base 8?
5
66 (base 15) to base 13
75
11202 (base 3) to base 10
128
-101 (base 8) to base 16
-41
What is 10 (base 5) in base 13?
5
Convert 210 (base 6) to base 7.
141
Convert -100 (base 4) to base 14.
-12
Convert -6b (base 13) to base 15.
-5e
What is 11 (base 7) in base 3?
22
-165 (base 10) to base 11
-140
What is -11001 (base 2) in base 8?
-31
Convert -3 (base 5) to base 16.
-3
What is -157 (base 8) in base 13?
-87
Convert -a (base 16) to base 11.
-a
What is -4 (base 5) in base 14?
-4
Convert 3b (base 13) to base 5.
200
13 (base 9) to base 2
1100
What is 1b2 (base 15) in base 4?
12020
Convert 1 (base 7) to base 4.
1
Convert -3f (base 16) to base 12.
-53
What is 11 (base 2) in base 10?
3
12 (base 4) to base 8
6
What is -a (base 11) in base 3?
-101
Convert 127 (base 11) to base 16.
96
-4 (base 14) to base 5
-4
Convert 2 (base 8) to base 4.
2
What is -60 (base 10) in base 5?
-220
What is 1 (base 15) in base 9?
1
What is 16 (base 16) in base 3?
211
What is 110 (base 2) in base 9?
6
1101 (base 5) to base 4
2113
Convert -110000 (base 2) to base 9.
-53
Convert 212 (base 3) to base 4.
113
-18 (base 12) to base 11
-19
Convert 3 (base 6) to base 16.
3
8 (base 15) to base 2
1000
What is -7 (base 11) in base 12?
-7
What is 2 (base 5) in base 14?
2
-1203 (base 5) to base 4
-2302
-38 (base 11) to base 7
-56
Convert 3 (base 6) to base 10.
3
What is 120 (base 9) in base 7?
201
What is -220 (base 4) in base 10?
-40
What is 76 (base 14) in base 3?
10212
What is -2301 (base 4) in base 13?
-108
Convert -4 (base 10) to base 3.
-11
What is 3 (base 5) in base 15?
3
What is 283 (base 9) in base 14?
12d
Convert -2 (base 8) to base 2.
-10
Convert 45 (base 12) to base 11.
49
Convert 100 (base 3) to base 11.
9
Convert a2 (base 14) to base 16.
8e
What is 1f (base 16) in base 13?
25
Convert -1120 (base 5) to base 2.
-10100000
What is -10 (base 12) in base 8?
-14
-101 (base 2) to base 6
-5
2c (base 14) to base 3
1111
What is 23 (base 5) in base 10?
13
What is 22 (base 6) in base 14?
10
Convert -15 (base 6) to base 4.
-23
Convert -1034 (base 5) to base 10.
-144
What is -10 (base 12) in base 14?
-c
What is -20 (base 16) in base 3?
-1012
What is 2 (base 11) in base 10?
2
What is 122 (base 8) in base 7?
145
Convert 10110 (base 2) to base 8.
26
What is 18 (base 12) in base 9?
22
What is 1314 (base 5) in base 16?
d1
What is -2 (base 14) in base 5?
-2
Convert -3 (base 13) to base 14.
-3
Convert 231 (base 4) to base 13.
36
0 (base 10) to base 13
0
Convert 2b (base 16) to base 12.
37
Convert 5 (base 10) to base 6.
5
Convert -129 (base 14) to base 10.
-233
-4 (base 16) to base 6
-4
Convert -3a (base 15) to base 14.
-3d
23 (base 7) to base 2
10001
-2 (base 4) to base 3
-2
Convert 24 (base 8) to base 2.
10100
0 (base 15) to base 13
0
Convert 63 (base 7) to base 11.
41
Convert 17 (base 15) to base 9.
24
What is 83 (base 9) in base 2?
1001011
-5 (base 9) to base 11
-5
Convert -1 (base 15) to base 16.
-1
Convert -4 (base 15) to base 7.
-4
Convert -1 (base 15) to base 5.
-1
-2 (base 7) to base 8
-2
What is 6 (base 14) in base 9?
6
Convert -8 (base 14) to base 2.
-1000
What is 17 (base 11) in base 7?
24
What is -12 (base 10) in base 2?
-1100
-4 (base 13) to base 9
-4
-202 (base 3) to base 5
-40
Convert b (base 14) to base 8.
13
Convert 3 (base 14) to base 8.
3
Convert -10 (base 3) to base 16.
-3
What is -10 (base 2) in base 10?
-2
Convert -5 (base 8) to base 2.
-101
-102 (base 4) to base 12
-16
What is 107 (base 13) in base 9?
215
Convert -80 (base 16) to base 15.
-88
What is -56 (base 15) in base 14?
-5b
-10 (base 10) to base 7
-13
Convert 6 (base 15) to base 5.
11
What is 140 (base 10) in base 12?
b8
15f (base 16) to base 11
29a
-1 (base 14) to base 13
-1
10 (base 6) to base 11
6
Convert 330 (base 5) to base 10.
90
Convert 157 (base 9) to base 13.
a3
-8 (base 10) to base 8
-10
4 (base 15) to base 8
4
Convert -31 (base 6) to base 4.
-103
Convert -16 (base 9) to base 5.
-30
What is -2122 (base 4) in base 7?
-310
-40 (base 11) to base 6
-112
What is 0 (base 3) in base 7?
0
-10 (base 6) to base 3
-20
13 (base 9) to base 4
30
Convert -1001 (base 4) to base 13.
-50
Convert -114 (base 5) to base 13.
-28
What is -2 (base 9) in base 10?
-2
Convert 21020 (base 3) to base 8.
303
Convert -14 (base 5) to base 14.
-9
Convert 15 (base 9) to base 10.
14
-100000111 (base 2) to base 4
-10013
What is 3 (base 11) in base 6?
3
What is -1121 (base 4) in base 2?
-1011001
What is 135 (base 7) in base 14?
55
What is 23 (base 14) in base 13?
25
-2 (base 13) to base 2
-10
14 (base 12) to base 10
16
210 (base 7) to base 13
81
1 (base 4) to base 6
1
Convert 21 (base 12) to base 2.
11001
0 (base 4) to base 9
0
7 (base 14) to base 12
7
62 (base 8) to base 15
35
What is 2 (base 3) in base 5?
2
What is 102 (base 7) in base 11?
47
Convert -8 (base 10) to base 6.
-12
Convert -341 (base 5) to base 8.
-140
What is -10 (base 4) in base 3?
-11
Convert -2 (base 10) to base 3.
-2
-223 (base 4) to base 9
-47
Convert 242 (base 9) to base 15.
d5
Convert 24 (base 16) to base 10.
36
Convert -6 (base 13) to base 15.
-6
Convert 17 (base 8) to base 16.
f
Convert -4 (base 10) to base 4.
-10
d (base 14) to base 9
14
What is -51 (base 9) in base 2?
-101110
Convert 3 (base 7) to base 3.
10
What is -3 (base 10) in base 11?
-3
What is c (base 13) in base 7?
15
What is -120 (base 3) in base 13?
-12
What is 9 (base 11) in base 13?
9
What is 4 (base 12) in base 3?
11
Convert -176 (base 8) to base 9.
-150
Convert -1110000 (base 2) to base 14.
-80
-11212 (base 3) to base 7
-245
2 (base 8) to base 13
2
What is -5 (base 9) in base 3?
-12
What is 1 (base 4) in base 2?
1
332 (base 6) to base 12
a8
Convert 100100010 (base 2) to base 9.
352
Convert 2 (base 15) to base 11.
2
Convert -1100 (base 2) to base 12.
-10
Convert -11 (base 10) to base 8.
-13
Convert -3 (base 4) to base 8.
-3
-2244 (base 5) to base 14
-192
-1 (base 15) to base 7
-1
What is 0 (base 13) in base 12?
0
-1 (base 7) to base 9
-1
-26 (base 16) to base 13
-2c
What is 1 (base 15) in base 11?
1
What is -13 (base 16) in base 11?
-18
Convert 0 (base 12) to base 7.
0
Convert 1 (base 12) to base 10.
1
What is 8 (base 15) in base 11?
8
What is 45 (base 6) in base 2?
11101
Convert 97 (base 16) to base 7.
304
Convert -5 (base 7) to base 5.
-10
-11 (base 8) to base 13
-9
28 (base 14) to base 5
121
What is 3 (base 13) in base 7?
3
130 (base 15) to base 8
416
Convert 1 (base 10) to base 5.
1
Convert 1011 (base 5) to base 11.
10a
What is -11 (base 2) in base 12?
-3
What is -17d (base 15) in base 12?
-247
33 (base 6) to base 9
23
-3 (base 16) to base 8
-3
Convert 0 (base 4) to base 9.
0
Convert -2 (base 13) to base 15.
-2
Convert 8 (base 11) to base 2.
1000
What is -11 (base 8) in base 13?
-9
What is 10 (base 3) in base 7?
3
What is 122 (base 5) in base 9?
41
Convert -3 (base 5) to base 8.
-3
Convert d (base 15) to base 16.
d
1 (base 14) to base 12
1
What is -1 (base 2) in base 9?
-1
What is -5 (base 11) in base 13?
-5
What is 8 (base 9) in base 10?
8
Convert 0 (base 10) to base 14.
0
-12220 (base 3) to base 2
-10011111
What is -331 (base 6) in base 2?
-1111111
